{"id":85,"date":"2016-05-31T09:47:46","date_gmt":"2016-05-31T07:47:46","guid":{"rendered":"http:\/\/hb.partner7.he-hosting.de\/?page_id=85"},"modified":"2023-05-16T16:03:03","modified_gmt":"2023-05-16T14:03:03","slug":"impressum","status":"publish","type":"page","link":"http:\/\/www.herforth-bau.de\/index.php\/impressum\/","title":{"rendered":"Impressum"},"content":{"rendered":"<p>Herforth GmbH<br \/>\nMeisterbetrieb<br \/>\nM\u00fchlenweg 15<strong>\u00a0<\/strong><br \/>\n31832 Springe<\/p>\n<p>Tel: 05041\/776440<\/p>\n<p>Web: http:\/\/www.herforth-bau.de<br \/>\nEmail: info-herforth@gmx.de<\/p>\n<p>Amtsgericht Hannover HRB 219611<br \/>\nUstID: DE 330796280<strong>\u00a0<\/strong><\/p>\n<p><strong>Gesch\u00e4ftsf\u00fchrer:<\/strong><br \/>\nAslan Ayhan<\/p>\n<p>Inhaltlich Verantwortlicher gem\u00e4\u00df TMG: Aslan Ayhan<\/p>\n<p>Haftung f\u00fcr Inhalte<br \/>\nDie Inhalte unserer Seiten wurden mit gr\u00f6\u00dfter Sorgfalt erstellt. F\u00fcr die Richtigkeit, Vollst\u00e4ndigkeit und Aktualit\u00e4t der Inhalte k\u00f6nnen wir jedoch keine Gew\u00e4hr \u00fcbernehmen. Als Diensteanbieter sind wir gem\u00e4\u00df Telemediengesetz f\u00fcr eigene Inhalte auf diesen Seiten nach den allgemeinen Gesetzen verantwortlich. Diensteanbieter sind jedoch nicht verpflichtet, die von ihnen \u00fcbermittelten oder gespeicherten fremden Informationen zu \u00fcberwachen oder nach Umst\u00e4nden zu forschen, die auf eine rechtswidrige T\u00e4tigkeit hinweisen. Verpflichtungen zur Entfernung oder Sperrung der Nutzung von Informationen nach den allgemeinen Gesetzen bleiben hiervon unber\u00fchrt. Eine diesbez\u00fcgliche Haftung ist jedoch erst ab dem Zeitpunkt der Kenntnis einer konkreten Rechtsverletzung m\u00f6glich. Bei bekannt werden von entsprechenden Rechtsverletzungen werden wir diese Inhalte umgehend entfernen.<\/p>\n<p>Haftung f\u00fcr Links<br \/>\nUnser Angebot enth\u00e4lt Links zu externen Webseiten Dritter, auf deren Inhalte wir keinen Einfluss haben. Deshalb k\u00f6nnen wir f\u00fcr diese fremden Inhalte auch keine Gew\u00e4hr \u00fcbernehmen. F\u00fcr die Inhalte der verlinkten Seiten ist stets der jeweilige Anbieter oder Betreiber der Seiten verantwortlich. Die verlinkten Seiten wurden zum Zeitpunkt der Verlinkung auf m\u00f6gliche Rechtsverst\u00f6\u00dfe \u00fcberpr\u00fcft. Rechtswidrige Inhalte waren zum Zeitpunkt der Verlinkung nicht erkennbar. Eine permanente inhaltliche Kontrolle der verlinkten Seiten ist jedoch ohne konkrete Anhaltspunkte einer Rechtsverletzung nicht zumutbar. Bei bekannt werden von Rechtsverletzungen werden wir derartige Links umgehend entfernen.<\/p>\n<p>Urheberrecht<br \/>\nDie Betreiber der Seiten sind bem\u00fcht, stets die Urheberrechte anderer zu beachten bzw. auf selbst erstellte sowie lizenzfreie Werke zur\u00fcckzugreifen. Die durch die Seitenbetreiber erstellten Inhalte und Werke auf diesen Seiten unterliegen dem deutschen Urheberrecht. Beitr\u00e4ge Dritter sind als solche gekennzeichnet. Die Vervielf\u00e4ltigung, Bearbeitung, Verbreitung und jede Art der Verwertung au\u00dferhalb der Grenzen des Urheberrechtes bed\u00fcrfen der schriftlichen Zustimmung des jeweiligen Autors bzw. Erstellers. Downloads und Kopien dieser Seite sind nur f\u00fcr den privaten, nicht kommerziellen Gebrauch gestattet.<\/p>\n<p>Bildquellen<br \/>\n\u00a9 azureus70 &#8211; Fotolia.com<br \/>\n\u00a9 Magica &#8211; Fotolia.com<br \/>\n\u00a9 poplasen &#8211; Fotolia.com<br \/>\n\u00a9 redaktion93 &#8211; Fotolia.com<br \/>\n\u00a9 Photographee.eu &#8211; Fotolia.com<br \/>\n\u00a9 schulzie &#8211; Fotolia.com<br \/>\n\u00a9 Tom-Hanisch &#8211; Fotolia.com<br \/>\n\u00a9 cameris &#8211; Fotolia.com<\/p>\n<p>Verantwortlich f\u00fcr das Layout und die technische Umsetzung:<br \/>\nMedien31 GmbH<br \/>\nBaustr. 44<br \/>\n31785 Hameln<br \/>\nTel. 05151 \/ 200 157<br \/>\nFax 05151 \/ 200-155<br \/>\nkontakt@medien31.de<br \/>\nmedien31.de<\/p>\n","protected":false},"excerpt":{"rendered":"<p>Herforth GmbH Meisterbetrieb M\u00fchlenweg 15\u00a0 31832 Springe Tel: 05041\/776440 Web: http:\/\/www.herforth-bau.de Email: info-herforth@gmx.de Amtsgericht Hannover HRB 219611 UstID: DE 330796280\u00a0 Gesch\u00e4ftsf\u00fchrer: Aslan Ayhan Inhaltlich Verantwortlicher gem\u00e4\u00df TMG: Aslan Ayhan Haftung f\u00fcr Inhalte Die Inhalte unserer Seiten wurden mit gr\u00f6\u00dfter Sorgfalt erstellt. F\u00fcr die Richtigkeit, Vollst\u00e4ndigkeit und Aktualit\u00e4t der Inhalte k\u00f6nnen wir jedoch keine Gew\u00e4hr \u00fcbernehmen. [&hellip;]<\/p>\n","protected":false},"author":1,"featured_media":0,"parent":0,"menu_order":0,"comment_status":"closed","ping_status":"closed","template":"","meta":{"_et_pb_use_builder":"","_et_pb_old_content":"","_et_gb_content_width":""},"yoast_head":"<!-- This site is optimized with the Yoast SEO plugin v20.0 - https:\/\/yoast.com\/wordpress\/plugins\/seo\/ -->\n<title>Herforth Springe \u2013 Neubauten, Altbausanierung, M\u00f6belbau uvm.<\/title>\n<meta name=\"description\" content=\"Unsere Schwerpunkte sind Altbausanierung, Lehmbauarbeiten, Fliesenarbeiten, Trockenbau, M\u00f6belbau, Zimmerei- und Tischlerarbeiten sowie Holz- und Bautenschutz.\" \/>\n<meta name=\"robots\" content=\"index, follow, max-snippet:-1, max-image-preview:large, max-video-preview:-1\" \/>\n<link rel=\"canonical\" href=\"http:\/\/www.herforth-bau.de\/index.php\/impressum\/\" \/>\n<meta property=\"og:locale\" content=\"de_DE\" \/>\n<meta property=\"og:type\" content=\"article\" \/>\n<meta property=\"og:title\" content=\"Herforth Springe \u2013 Neubauten, Altbausanierung, M\u00f6belbau uvm.\" \/>\n<meta property=\"og:description\" content=\"Unsere Schwerpunkte sind Altbausanierung, Lehmbauarbeiten, Fliesenarbeiten, Trockenbau, M\u00f6belbau, Zimmerei- und Tischlerarbeiten sowie Holz- und Bautenschutz.\" \/>\n<meta property=\"og:url\" content=\"http:\/\/www.herforth-bau.de\/index.php\/impressum\/\" \/>\n<meta property=\"og:site_name\" content=\"Herforth Springe \u2013 Neubauten, Altbausanierung, M\u00f6belbau uvm.\" \/>\n<meta property=\"article:modified_time\" content=\"2023-05-16T14:03:03+00:00\" \/>\n<meta name=\"twitter:card\" content=\"summary_large_image\" \/>\n<meta name=\"twitter:label1\" content=\"Gesch\u00e4tzte Lesezeit\" \/>\n\t<meta name=\"twitter:data1\" content=\"3\u00a0Minuten\" \/>\n<script type=\"application\/ld+json\" class=\"yoast-schema-graph\">{\"@context\":\"https:\/\/schema.org\",\"@graph\":[{\"@type\":\"WebPage\",\"@id\":\"http:\/\/www.herforth-bau.de\/index.php\/impressum\/\",\"url\":\"http:\/\/www.herforth-bau.de\/index.php\/impressum\/\",\"name\":\"Herforth Springe \u2013 Neubauten, Altbausanierung, M\u00f6belbau uvm.\",\"isPartOf\":{\"@id\":\"http:\/\/www.herforth-bau.de\/#website\"},\"datePublished\":\"2016-05-31T07:47:46+00:00\",\"dateModified\":\"2023-05-16T14:03:03+00:00\",\"description\":\"Unsere Schwerpunkte sind Altbausanierung, Lehmbauarbeiten, Fliesenarbeiten, Trockenbau, M\u00f6belbau, Zimmerei- und Tischlerarbeiten sowie Holz- und Bautenschutz.\",\"breadcrumb\":{\"@id\":\"http:\/\/www.herforth-bau.de\/index.php\/impressum\/#breadcrumb\"},\"inLanguage\":\"de\",\"potentialAction\":[{\"@type\":\"ReadAction\",\"target\":[\"http:\/\/www.herforth-bau.de\/index.php\/impressum\/\"]}]},{\"@type\":\"BreadcrumbList\",\"@id\":\"http:\/\/www.herforth-bau.de\/index.php\/impressum\/#breadcrumb\",\"itemListElement\":[{\"@type\":\"ListItem\",\"position\":1,\"name\":\"Startseite\",\"item\":\"http:\/\/www.herforth-bau.de\/\"},{\"@type\":\"ListItem\",\"position\":2,\"name\":\"Impressum\"}]},{\"@type\":\"WebSite\",\"@id\":\"http:\/\/www.herforth-bau.de\/#website\",\"url\":\"http:\/\/www.herforth-bau.de\/\",\"name\":\"Herforth Springe \u2013 Neubauten, Altbausanierung, M\u00f6belbau uvm.\",\"description\":\"\",\"potentialAction\":[{\"@type\":\"SearchAction\",\"target\":{\"@type\":\"EntryPoint\",\"urlTemplate\":\"http:\/\/www.herforth-bau.de\/?s={search_term_string}\"},\"query-input\":\"required name=search_term_string\"}],\"inLanguage\":\"de\"}]}<\/script>\n<!-- \/ Yoast SEO plugin. -->","yoast_head_json":{"title":"Herforth Springe \u2013 Neubauten, Altbausanierung, M\u00f6belbau uvm.","description":"Unsere Schwerpunkte sind Altbausanierung, Lehmbauarbeiten, Fliesenarbeiten, Trockenbau, M\u00f6belbau, Zimmerei- und Tischlerarbeiten sowie Holz- und Bautenschutz.","robots":{"index":"index","follow":"follow","max-snippet":"max-snippet:-1","max-image-preview":"max-image-preview:large","max-video-preview":"max-video-preview:-1"},"canonical":"http:\/\/www.herforth-bau.de\/index.php\/impressum\/","og_locale":"de_DE","og_type":"article","og_title":"Herforth Springe \u2013 Neubauten, Altbausanierung, M\u00f6belbau uvm.","og_description":"Unsere Schwerpunkte sind Altbausanierung, Lehmbauarbeiten, Fliesenarbeiten, Trockenbau, M\u00f6belbau, Zimmerei- und Tischlerarbeiten sowie Holz- und Bautenschutz.","og_url":"http:\/\/www.herforth-bau.de\/index.php\/impressum\/","og_site_name":"Herforth Springe \u2013 Neubauten, Altbausanierung, M\u00f6belbau uvm.","article_modified_time":"2023-05-16T14:03:03+00:00","twitter_card":"summary_large_image","twitter_misc":{"Gesch\u00e4tzte Lesezeit":"3\u00a0Minuten"},"schema":{"@context":"https:\/\/schema.org","@graph":[{"@type":"WebPage","@id":"http:\/\/www.herforth-bau.de\/index.php\/impressum\/","url":"http:\/\/www.herforth-bau.de\/index.php\/impressum\/","name":"Herforth Springe \u2013 Neubauten, Altbausanierung, M\u00f6belbau uvm.","isPartOf":{"@id":"http:\/\/www.herforth-bau.de\/#website"},"datePublished":"2016-05-31T07:47:46+00:00","dateModified":"2023-05-16T14:03:03+00:00","description":"Unsere Schwerpunkte sind Altbausanierung, Lehmbauarbeiten, Fliesenarbeiten, Trockenbau, M\u00f6belbau, Zimmerei- und Tischlerarbeiten sowie Holz- und Bautenschutz.","breadcrumb":{"@id":"http:\/\/www.herforth-bau.de\/index.php\/impressum\/#breadcrumb"},"inLanguage":"de","potentialAction":[{"@type":"ReadAction","target":["http:\/\/www.herforth-bau.de\/index.php\/impressum\/"]}]},{"@type":"BreadcrumbList","@id":"http:\/\/www.herforth-bau.de\/index.php\/impressum\/#breadcrumb","itemListElement":[{"@type":"ListItem","position":1,"name":"Startseite","item":"http:\/\/www.herforth-bau.de\/"},{"@type":"ListItem","position":2,"name":"Impressum"}]},{"@type":"WebSite","@id":"http:\/\/www.herforth-bau.de\/#website","url":"http:\/\/www.herforth-bau.de\/","name":"Herforth Springe \u2013 Neubauten, Altbausanierung, M\u00f6belbau uvm.","description":"","potentialAction":[{"@type":"SearchAction","target":{"@type":"EntryPoint","urlTemplate":"http:\/\/www.herforth-bau.de\/?s={search_term_string}"},"query-input":"required name=search_term_string"}],"inLanguage":"de"}]}},"_links":{"self":[{"href":"http:\/\/www.herforth-bau.de\/index.php\/wp-json\/wp\/v2\/pages\/85"}],"collection":[{"href":"http:\/\/www.herforth-bau.de\/index.php\/wp-json\/wp\/v2\/pages"}],"about":[{"href":"http:\/\/www.herforth-bau.de\/index.php\/wp-json\/wp\/v2\/types\/page"}],"author":[{"embeddable":true,"href":"http:\/\/www.herforth-bau.de\/index.php\/wp-json\/wp\/v2\/users\/1"}],"replies":[{"embeddable":true,"href":"http:\/\/www.herforth-bau.de\/index.php\/wp-json\/wp\/v2\/comments?post=85"}],"version-history":[{"count":11,"href":"http:\/\/www.herforth-bau.de\/index.php\/wp-json\/wp\/v2\/pages\/85\/revisions"}],"predecessor-version":[{"id":774,"href":"http:\/\/www.herforth-bau.de\/index.php\/wp-json\/wp\/v2\/pages\/85\/revisions\/774"}],"wp:attachment":[{"href":"http:\/\/www.herforth-bau.de\/index.php\/wp-json\/wp\/v2\/media?parent=85"}],"curies":[{"name":"wp","href":"https:\/\/api.w.org\/{rel}","templated":true}]}}