{"id":199,"date":"2016-06-01T15:42:38","date_gmt":"2016-06-01T13:42:38","guid":{"rendered":"http:\/\/hb.partner7.he-hosting.de\/?post_type=project&#038;p=199"},"modified":"2021-07-02T12:42:32","modified_gmt":"2021-07-02T10:42:32","slug":"referenz-2","status":"publish","type":"project","link":"http:\/\/www.herforth-bau.de\/index.php\/project\/referenz-2\/","title":{"rendered":"Gestaltung des Au\u00dfenbereiches"},"content":{"rendered":"<p>[et_pb_section bb_built=&#8220;1&#8243; fullwidth=&#8220;off&#8220; specialty=&#8220;off&#8220; next_background_color=&#8220;#000000&#8243;][et_pb_row background_position=&#8220;top_left&#8220; background_repeat=&#8220;repeat&#8220; background_size=&#8220;initial&#8220;][et_pb_column type=&#8220;4_4&#8243;][et_pb_gallery gallery_ids=&#8220;362,361,360,363,368,366,367,369,372,364&#8243; fullwidth=&#8220;on&#8220; show_pagination=&#8220;off&#8220; hover_overlay_color=&#8220;rgba(255,255,255,0.9)&#8220; use_border_color=&#8220;off&#8220; _builder_version=&#8220;3.20.2&#8243;]<\/p>\n<p><\/p>\n<p>[\/et_pb_gallery][\/et_pb_column][\/et_pb_row][\/et_pb_section][et_pb_section bb_built=&#8220;1&#8243; admin_label=&#8220;section&#8220; prev_background_color=&#8220;#000000&#8243;][et_pb_row admin_label=&#8220;row&#8220; background_position=&#8220;top_left&#8220; background_repeat=&#8220;repeat&#8220; background_size=&#8220;initial&#8220;][et_pb_column type=&#8220;4_4&#8243;][et_pb_text background_layout=&#8220;light&#8220; text_orientation=&#8220;left&#8220; use_border_color=&#8220;off&#8220; border_color=&#8220;#ffffff&#8220; border_style=&#8220;solid&#8220; background_position=&#8220;top_left&#8220; background_repeat=&#8220;repeat&#8220; background_size=&#8220;initial&#8220;]<\/p>\n<p>\nGerade im Sommer ist der Balkon oder die Terrasse ein wichtiger Ort Ihres Hauses. Holzbel\u00e4ge k\u00f6nnen eine \u00dcberhitzung des Belages verhindern. Fichten- oder L\u00e4rchenh\u00f6lzer bieten sich in diesem Bereich an. Selbstverst\u00e4ndlich informieren wir Sie auch gerne \u00fcber weitere Holzarten und passen Ihre Balkone oder Terrassen ganz nach Ihren W\u00fcnschen an Ihr Haus an.<\/p>\n<p>\u00dcberdachungen und Carports:<br \/>\nWir erstellen und montieren ganz nach Ihren individuellen W\u00fcnschen<\/p>\n<ul>\n<li>Carports<\/li>\n<li>Gartenh\u00e4user<\/li>\n<li>\u00dcberh\u00e4nge<\/li>\n<li>Vorbauten<\/li>\n<li>Eingangs- und Freiplatz\u00fcberdachungen<\/li>\n<li>Au\u00dfenanlagen aus Holz oder anderen Materialien<\/li>\n<\/ul>\n<p><a href=\"..\/..\/\">Zur\u00fcck<\/a><\/p>\n<p>[\/et_pb_text][\/et_pb_column][\/et_pb_row][\/et_pb_section]<\/p>\n","protected":false},"excerpt":{"rendered":"<p>Gerade im Sommer ist der Balkon oder die Terrasse ein wichtiger Ort Ihres Hauses. Holzbel\u00e4ge k\u00f6nnen eine \u00dcberhitzung des Belages verhindern. Fichten- oder L\u00e4rchenh\u00f6lzer bieten sich in diesem Bereich an. Selbstverst\u00e4ndlich informieren wir Sie auch gerne \u00fcber weitere Holzarten und passen Ihre Balkone oder Terrassen ganz nach Ihren W\u00fcnschen an Ihr Haus an. \u00dcberdachungen und [&hellip;]<\/p>\n","protected":false},"author":1,"featured_media":362,"comment_status":"closed","ping_status":"closed","template":"","meta":{"_et_pb_use_builder":"on","_et_pb_old_content":"<p>Lorem ipsum dolor sit amet, consetetur sadipscing elitr, sed diam nonumy eirmod tempor invidunt ut labore et dolore magna aliquyam erat, sed diam voluptua. At vero eos et accusam et justo duo dolores et ea rebum. Stet clita kasd gubergren, no sea takimata sanctus est Lorem ipsum dolor sit amet. Lorem ipsum dolor sit amet, consetetur sadipscing elitr, sed diam nonumy eirmod tempor invidunt ut labore et dolore magna aliquyam erat, sed diam voluptua. At vero eos et accusam et justo duo dolores et ea rebum. Stet clita kasd gubergren, no sea takimata sanctus est Lorem ipsum dolor sit amet.<\/p><p><a href=\"http:\/\/hb.partner7.he-hosting.de\/\">Zur\u00fcck<\/a><\/p>","_et_gb_content_width":""},"project_category":[5],"project_tag":[],"yoast_head":"<!-- This site is optimized with the Yoast SEO plugin v20.0 - https:\/\/yoast.com\/wordpress\/plugins\/seo\/ -->\n<title>Gestaltung des Au\u00dfenbereiches - Herforth Springe \u2013 Neubauten, Altbausanierung, M\u00f6belbau uvm.<\/title>\n<meta name=\"robots\" content=\"index, follow, max-snippet:-1, max-image-preview:large, max-video-preview:-1\" \/>\n<link rel=\"canonical\" href=\"http:\/\/www.herforth-bau.de\/index.php\/project\/referenz-2\/\" \/>\n<meta property=\"og:locale\" content=\"de_DE\" \/>\n<meta property=\"og:type\" content=\"article\" \/>\n<meta property=\"og:title\" content=\"Gestaltung des Au\u00dfenbereiches - Herforth Springe \u2013 Neubauten, Altbausanierung, M\u00f6belbau uvm.\" \/>\n<meta property=\"og:description\" content=\"Gerade im Sommer ist der Balkon oder die Terrasse ein wichtiger Ort Ihres Hauses. Holzbel\u00e4ge k\u00f6nnen eine \u00dcberhitzung des Belages verhindern. Fichten- oder L\u00e4rchenh\u00f6lzer bieten sich in diesem Bereich an. Selbstverst\u00e4ndlich informieren wir Sie auch gerne \u00fcber weitere Holzarten und passen Ihre Balkone oder Terrassen ganz nach Ihren W\u00fcnschen an Ihr Haus an. \u00dcberdachungen und [&hellip;]\" \/>\n<meta property=\"og:url\" content=\"http:\/\/www.herforth-bau.de\/index.php\/project\/referenz-2\/\" \/>\n<meta property=\"og:site_name\" content=\"Herforth Springe \u2013 Neubauten, Altbausanierung, M\u00f6belbau uvm.\" \/>\n<meta property=\"article:modified_time\" content=\"2021-07-02T10:42:32+00:00\" \/>\n<meta property=\"og:image\" content=\"http:\/\/www.herforth-bau.de\/wp-content\/uploads\/2016\/06\/2g-alexis-v5b.jpg\" \/>\n\t<meta property=\"og:image:width\" content=\"1280\" \/>\n\t<meta property=\"og:image:height\" content=\"669\" \/>\n\t<meta property=\"og:image:type\" content=\"image\/jpeg\" \/>\n<meta name=\"twitter:card\" content=\"summary_large_image\" \/>\n<meta name=\"twitter:label1\" content=\"Gesch\u00e4tzte Lesezeit\" \/>\n\t<meta name=\"twitter:data1\" content=\"1\u00a0Minute\" \/>\n<script type=\"application\/ld+json\" class=\"yoast-schema-graph\">{\"@context\":\"https:\/\/schema.org\",\"@graph\":[{\"@type\":\"WebPage\",\"@id\":\"http:\/\/www.herforth-bau.de\/index.php\/project\/referenz-2\/\",\"url\":\"http:\/\/www.herforth-bau.de\/index.php\/project\/referenz-2\/\",\"name\":\"Gestaltung des Au\u00dfenbereiches - Herforth Springe \u2013 Neubauten, Altbausanierung, M\u00f6belbau uvm.\",\"isPartOf\":{\"@id\":\"http:\/\/www.herforth-bau.de\/#website\"},\"datePublished\":\"2016-06-01T13:42:38+00:00\",\"dateModified\":\"2021-07-02T10:42:32+00:00\",\"breadcrumb\":{\"@id\":\"http:\/\/www.herforth-bau.de\/index.php\/project\/referenz-2\/#breadcrumb\"},\"inLanguage\":\"de\",\"potentialAction\":[{\"@type\":\"ReadAction\",\"target\":[\"http:\/\/www.herforth-bau.de\/index.php\/project\/referenz-2\/\"]}]},{\"@type\":\"BreadcrumbList\",\"@id\":\"http:\/\/www.herforth-bau.de\/index.php\/project\/referenz-2\/#breadcrumb\",\"itemListElement\":[{\"@type\":\"ListItem\",\"position\":1,\"name\":\"Startseite\",\"item\":\"http:\/\/www.herforth-bau.de\/\"},{\"@type\":\"ListItem\",\"position\":2,\"name\":\"Projekte\",\"item\":\"http:\/\/www.herforth-bau.de\/index.php\/project\/\"},{\"@type\":\"ListItem\",\"position\":3,\"name\":\"Gestaltung des Au\u00dfenbereiches\"}]},{\"@type\":\"WebSite\",\"@id\":\"http:\/\/www.herforth-bau.de\/#website\",\"url\":\"http:\/\/www.herforth-bau.de\/\",\"name\":\"Herforth Springe \u2013 Neubauten, Altbausanierung, M\u00f6belbau uvm.\",\"description\":\"\",\"potentialAction\":[{\"@type\":\"SearchAction\",\"target\":{\"@type\":\"EntryPoint\",\"urlTemplate\":\"http:\/\/www.herforth-bau.de\/?s={search_term_string}\"},\"query-input\":\"required name=search_term_string\"}],\"inLanguage\":\"de\"}]}<\/script>\n<!-- \/ Yoast SEO plugin. -->","yoast_head_json":{"title":"Gestaltung des Au\u00dfenbereiches - Herforth Springe \u2013 Neubauten, Altbausanierung, M\u00f6belbau uvm.","robots":{"index":"index","follow":"follow","max-snippet":"max-snippet:-1","max-image-preview":"max-image-preview:large","max-video-preview":"max-video-preview:-1"},"canonical":"http:\/\/www.herforth-bau.de\/index.php\/project\/referenz-2\/","og_locale":"de_DE","og_type":"article","og_title":"Gestaltung des Au\u00dfenbereiches - Herforth Springe \u2013 Neubauten, Altbausanierung, M\u00f6belbau uvm.","og_description":"Gerade im Sommer ist der Balkon oder die Terrasse ein wichtiger Ort Ihres Hauses. Holzbel\u00e4ge k\u00f6nnen eine \u00dcberhitzung des Belages verhindern. Fichten- oder L\u00e4rchenh\u00f6lzer bieten sich in diesem Bereich an. Selbstverst\u00e4ndlich informieren wir Sie auch gerne \u00fcber weitere Holzarten und passen Ihre Balkone oder Terrassen ganz nach Ihren W\u00fcnschen an Ihr Haus an. \u00dcberdachungen und [&hellip;]","og_url":"http:\/\/www.herforth-bau.de\/index.php\/project\/referenz-2\/","og_site_name":"Herforth Springe \u2013 Neubauten, Altbausanierung, M\u00f6belbau uvm.","article_modified_time":"2021-07-02T10:42:32+00:00","og_image":[{"width":1280,"height":669,"url":"http:\/\/www.herforth-bau.de\/wp-content\/uploads\/2016\/06\/2g-alexis-v5b.jpg","type":"image\/jpeg"}],"twitter_card":"summary_large_image","twitter_misc":{"Gesch\u00e4tzte Lesezeit":"1\u00a0Minute"},"schema":{"@context":"https:\/\/schema.org","@graph":[{"@type":"WebPage","@id":"http:\/\/www.herforth-bau.de\/index.php\/project\/referenz-2\/","url":"http:\/\/www.herforth-bau.de\/index.php\/project\/referenz-2\/","name":"Gestaltung des Au\u00dfenbereiches - Herforth Springe \u2013 Neubauten, Altbausanierung, M\u00f6belbau uvm.","isPartOf":{"@id":"http:\/\/www.herforth-bau.de\/#website"},"datePublished":"2016-06-01T13:42:38+00:00","dateModified":"2021-07-02T10:42:32+00:00","breadcrumb":{"@id":"http:\/\/www.herforth-bau.de\/index.php\/project\/referenz-2\/#breadcrumb"},"inLanguage":"de","potentialAction":[{"@type":"ReadAction","target":["http:\/\/www.herforth-bau.de\/index.php\/project\/referenz-2\/"]}]},{"@type":"BreadcrumbList","@id":"http:\/\/www.herforth-bau.de\/index.php\/project\/referenz-2\/#breadcrumb","itemListElement":[{"@type":"ListItem","position":1,"name":"Startseite","item":"http:\/\/www.herforth-bau.de\/"},{"@type":"ListItem","position":2,"name":"Projekte","item":"http:\/\/www.herforth-bau.de\/index.php\/project\/"},{"@type":"ListItem","position":3,"name":"Gestaltung des Au\u00dfenbereiches"}]},{"@type":"WebSite","@id":"http:\/\/www.herforth-bau.de\/#website","url":"http:\/\/www.herforth-bau.de\/","name":"Herforth Springe \u2013 Neubauten, Altbausanierung, M\u00f6belbau uvm.","description":"","potentialAction":[{"@type":"SearchAction","target":{"@type":"EntryPoint","urlTemplate":"http:\/\/www.herforth-bau.de\/?s={search_term_string}"},"query-input":"required name=search_term_string"}],"inLanguage":"de"}]}},"_links":{"self":[{"href":"http:\/\/www.herforth-bau.de\/index.php\/wp-json\/wp\/v2\/project\/199"}],"collection":[{"href":"http:\/\/www.herforth-bau.de\/index.php\/wp-json\/wp\/v2\/project"}],"about":[{"href":"http:\/\/www.herforth-bau.de\/index.php\/wp-json\/wp\/v2\/types\/project"}],"author":[{"embeddable":true,"href":"http:\/\/www.herforth-bau.de\/index.php\/wp-json\/wp\/v2\/users\/1"}],"replies":[{"embeddable":true,"href":"http:\/\/www.herforth-bau.de\/index.php\/wp-json\/wp\/v2\/comments?post=199"}],"version-history":[{"count":11,"href":"http:\/\/www.herforth-bau.de\/index.php\/wp-json\/wp\/v2\/project\/199\/revisions"}],"predecessor-version":[{"id":757,"href":"http:\/\/www.herforth-bau.de\/index.php\/wp-json\/wp\/v2\/project\/199\/revisions\/757"}],"wp:featuredmedia":[{"embeddable":true,"href":"http:\/\/www.herforth-bau.de\/index.php\/wp-json\/wp\/v2\/media\/362"}],"wp:attachment":[{"href":"http:\/\/www.herforth-bau.de\/index.php\/wp-json\/wp\/v2\/media?parent=199"}],"wp:term":[{"taxonomy":"project_category","embeddable":true,"href":"http:\/\/www.herforth-bau.de\/index.php\/wp-json\/wp\/v2\/project_category?post=199"},{"taxonomy":"project_tag","embeddable":true,"href":"http:\/\/www.herforth-bau.de\/index.php\/wp-json\/wp\/v2\/project_tag?post=199"}],"curies":[{"name":"wp","href":"https:\/\/api.w.org\/{rel}","templated":true}]}}

Gestaltung des Außenbereiches

<p>[et_pb_section bb_built=&#8220;1&#8243; fullwidth=&#8220;off&#8220; specialty=&#8220;off&#8220; next_background_color=&#8220;#000000&#8243;][et_pb_row background_position=&#8220;top_left&#8220; background_repeat=&#8220;repeat&#8220; background_size=&#8220;initial&#8220;][et_pb_column type=&#8220;4_4&#8243;][et_pb_gallery gallery_ids=&#8220;362,361,360,363,368,366,367,369,372,364&#8243; fullwidth=&#8220;on&#8220; show_pagination=&#8220;off&#8220; hover_overlay_color=&#8220;rgba(255,255,255,0.9)&#8220; use_border_color=&#8220;off&#8220; _builder_version=&#8220;3.20.2&#8243;]</p>
<p></p>
<p>[/et_pb_gallery][/et_pb_column][/et_pb_row][/et_pb_section][et_pb_section bb_built=&#8220;1&#8243; admin_label=&#8220;section&#8220; prev_background_color=&#8220;#000000&#8243;][et_pb_row admin_label=&#8220;row&#8220; background_position=&#8220;top_left&#8220; background_repeat=&#8220;repeat&#8220; background_size=&#8220;initial&#8220;][et_pb_column type=&#8220;4_4&#8243;][et_pb_text background_layout=&#8220;light&#8220; text_orientation=&#8220;left&#8220; use_border_color=&#8220;off&#8220; border_color=&#8220;#ffffff&#8220; border_style=&#8220;solid&#8220; background_position=&#8220;top_left&#8220; background_repeat=&#8220;repeat&#8220; background_size=&#8220;initial&#8220;]</p>
<p>
Gerade im Sommer ist der Balkon oder die Terrasse ein wichtiger Ort Ihres Hauses. Holzbeläge können eine Überhitzung des Belages verhindern. Fichten- oder Lärchenhölzer bieten sich in diesem Bereich an. Selbstverständlich informieren wir Sie auch gerne über weitere Holzarten und passen Ihre Balkone oder Terrassen ganz nach Ihren Wünschen an Ihr Haus an.</p>
<p>Überdachungen und Carports:<br />
Wir erstellen und montieren ganz nach Ihren individuellen Wünschen</p>
<ul>
<li>Carports</li>
<li>Gartenhäuser</li>
<li>Überhänge</li>
<li>Vorbauten</li>
<li>Eingangs- und Freiplatzüberdachungen</li>
<li>Außenanlagen aus Holz oder anderen Materialien</li>
</ul>
<p><a href="../../">Zurück</a></p>
<p>[/et_pb_text][/et_pb_column][/et_pb_row][/et_pb_section]</p>

<p>Gerade im Sommer ist der Balkon oder die Terrasse ein wichtiger Ort Ihres Hauses. Holzbeläge können eine Überhitzung des Belages verhindern. Fichten- oder Lärchenhölzer bieten sich in diesem Bereich an. Selbstverständlich informieren wir Sie auch gerne über weitere Holzarten und passen Ihre Balkone oder Terrassen ganz nach Ihren Wünschen an Ihr Haus an. Überdachungen und [&hellip;]</p>

<p>Lorem ipsum dolor sit amet, consetetur sadipscing elitr, sed diam nonumy eirmod tempor invidunt ut labore et dolore magna aliquyam erat, sed diam voluptua. At vero eos et accusam et justo duo dolores et ea rebum. Stet clita kasd gubergren, no sea takimata sanctus est Lorem ipsum dolor sit amet. Lorem ipsum dolor sit amet, consetetur sadipscing elitr, sed diam nonumy eirmod tempor invidunt ut labore et dolore magna aliquyam erat, sed diam voluptua. At vero eos et accusam et justo duo dolores et ea rebum. Stet clita kasd gubergren, no sea takimata sanctus est Lorem ipsum dolor sit amet.</p><p><a href="http://hb.partner7.he-hosting.de/">Zurück</a></p>

<!-- This site is optimized with the Yoast SEO plugin v20.0 - https://yoast.com/wordpress/plugins/seo/ -->
<title>Gestaltung des Außenbereiches - Herforth Springe – Neubauten, Altbausanierung, Möbelbau uvm.</title>
<meta name="robots" content="index, follow, max-snippet:-1, max-image-preview:large, max-video-preview:-1" />
<link rel="canonical" href="http://www.herforth-bau.de/index.php/project/referenz-2/" />
<meta property="og:locale" content="de_DE" />
<meta property="og:type" content="article" />
<meta property="og:title" content="Gestaltung des Außenbereiches - Herforth Springe – Neubauten, Altbausanierung, Möbelbau uvm." />
<meta property="og:description" content="Gerade im Sommer ist der Balkon oder die Terrasse ein wichtiger Ort Ihres Hauses. Holzbeläge können eine Überhitzung des Belages verhindern. Fichten- oder Lärchenhölzer bieten sich in diesem Bereich an. Selbstverständlich informieren wir Sie auch gerne über weitere Holzarten und passen Ihre Balkone oder Terrassen ganz nach Ihren Wünschen an Ihr Haus an. Überdachungen und [&hellip;]" />
<meta property="og:url" content="http://www.herforth-bau.de/index.php/project/referenz-2/" />
<meta property="og:site_name" content="Herforth Springe – Neubauten, Altbausanierung, Möbelbau uvm." />
<meta property="article:modified_time" content="2021-07-02T10:42:32+00:00" />
<meta property="og:image" content="http://www.herforth-bau.de/wp-content/uploads/2016/06/2g-alexis-v5b.jpg" />
	<meta property="og:image:width" content="1280" />
	<meta property="og:image:height" content="669" />
	<meta property="og:image:type" content="image/jpeg" />
<meta name="twitter:card" content="summary_large_image" />
<meta name="twitter:label1" content="Geschätzte Lesezeit" />
	<meta name="twitter:data1" content="1 Minute" />
<script type="application/ld+json" class="yoast-schema-graph">{"@context":"https://schema.org","@graph":[{"@type":"WebPage","@id":"http://www.herforth-bau.de/index.php/project/referenz-2/","url":"http://www.herforth-bau.de/index.php/project/referenz-2/","name":"Gestaltung des Außenbereiches - Herforth Springe – Neubauten, Altbausanierung, Möbelbau uvm.","isPartOf":{"@id":"http://www.herforth-bau.de/#website"},"datePublished":"2016-06-01T13:42:38+00:00","dateModified":"2021-07-02T10:42:32+00:00","breadcrumb":{"@id":"http://www.herforth-bau.de/index.php/project/referenz-2/#breadcrumb"},"inLanguage":"de","potentialAction":[{"@type":"ReadAction","target":["http://www.herforth-bau.de/index.php/project/referenz-2/"]}]},{"@type":"BreadcrumbList","@id":"http://www.herforth-bau.de/index.php/project/referenz-2/#breadcrumb","itemListElement":[{"@type":"ListItem","position":1,"name":"Startseite","item":"http://www.herforth-bau.de/"},{"@type":"ListItem","position":2,"name":"Projekte","item":"http://www.herforth-bau.de/index.php/project/"},{"@type":"ListItem","position":3,"name":"Gestaltung des Außenbereiches"}]},{"@type":"WebSite","@id":"http://www.herforth-bau.de/#website","url":"http://www.herforth-bau.de/","name":"Herforth Springe – Neubauten, Altbausanierung, Möbelbau uvm.","description":"","potentialAction":[{"@type":"SearchAction","target":{"@type":"EntryPoint","urlTemplate":"http://www.herforth-bau.de/?s={search_term_string}"},"query-input":"required name=search_term_string"}],"inLanguage":"de"}]}</script>
<!-- / Yoast SEO plugin. -->

Gestaltung des Außenbereiches - Herforth Springe – Neubauten, Altbausanierung, Möbelbau uvm.

Gerade im Sommer ist der Balkon oder die Terrasse ein wichtiger Ort Ihres Hauses. Holzbeläge können eine Überhitzung des Belages verhindern. Fichten- oder Lärchenhölzer bieten sich in diesem Bereich an. Selbstverständlich informieren wir Sie auch gerne über weitere Holzarten und passen Ihre Balkone oder Terrassen ganz nach Ihren Wünschen an Ihr Haus an. Überdachungen und [&hellip;]

Herforth Springe – Neubauten, Altbausanierung, Möbelbau uvm.
